{"id":2929,"date":"2021-04-21T11:23:00","date_gmt":"2021-04-21T09:23:00","guid":{"rendered":"https:\/\/www.gruenlandstaudenhof.de\/cms2\/?page_id=2929"},"modified":"2022-11-03T10:02:59","modified_gmt":"2022-11-03T09:02:59","slug":"fachberatung","status":"publish","type":"page","link":"https:\/\/www.gruenlandstaudenhof.de\/cms2\/fachberatung\/","title":{"rendered":"Fachberatung"},"content":{"rendered":"\n<p>Sie ben\u00f6tigen Fachberatung du um Tierhaltung, Gartenbau oder Landwirtschaft?<\/p>\n\n\n\n<p>Gerne unterst\u00fctzen wir sie!<\/p>\n\n\n\n<p><strong>Kosten<\/strong><br>Allgemeine Fachberatung per Telefon:  30\u20ac pro angefangener 15 Minuten.<\/p>\n\n\n\n<p>Spezifische Fachberatung abweichend.<\/p>\n\n\n\n<p><a href=\"https:\/\/www.gruenlandstaudenhof.de\/cms2\/kontakt\/\">Fordern Sie noch heute ihr pers\u00f6nliches Angebot an.<\/a><\/p>\n\n\n\n<p><strong>Bonus:<\/strong><br>Handelt es sich bei der Fachberatung um Bepflanzungsplanung erhalten Sie von uns einen Gutschein in H\u00f6he des Beratungsgeldes f\u00fcr den Einkauf in unserem Onlineshop.<\/p>\n\n\n\n<p><strong>Hinweis:<\/strong><br>Die Beratung erfolgt auf Grundlage der von Ihnen angegebenen Informationen und bereitgestellten Unterlagen.<br>Die Beratung und die von uns gegebenen Ausk\u00fcnfte erfolgen nach bestem Wissen, jedoch unter Ausschluss jeglicher Haftung.<br>Eine telefonische Beratung kann eine ausf\u00fchrliche und pers\u00f6nliche Beratung vor Ort (bzw. mit Einsichtnahme in weitere Unterlagen bzw. Pr\u00fcfungen der tats\u00e4chlichen Sachlage) nicht ersetzen, sondern ist vor allem daf\u00fcr gedacht ist, eine erste fachliche Einsch\u00e4tzung zu erm\u00f6glichen. Durch Hinzuf\u00fcgen oder Weglassen relevanter Informationen k\u00f6nnte die fachliche Beurteilung Ihres Anliegens anders ausfallen.<br>Ebenso wenig ersetzt diese Beratung eine fachgerechte Praxisumsetzung durch spezialisierte Fachbetriebe. Die Umsetzung erfolgt auf Ihr Risiko.<\/p>\n\n\n\n<p><\/p>\n","protected":false},"excerpt":{"rendered":"<p>Sie ben\u00f6tigen Fachberatung du um Tierhaltung, Gartenbau oder Landwirtschaft? Gerne unterst\u00fctzen wir sie! KostenAllgemeine Fachberatung per Telefon: 30\u20ac pro angefangener 15 Minuten. Spezifische Fachberatung abweichend. Fordern Sie noch heute ihr pers\u00f6nliches Angebot an. Bonus:Handelt es sich bei der Fachberatung um Bepflanzungsplanung erhalten Sie von uns einen Gutschein in H\u00f6he des Beratungsgeldes f\u00fcr den Einkauf in [&hellip;]<\/p>\n","protected":false},"author":1,"featured_media":0,"parent":0,"menu_order":0,"comment_status":"closed","ping_status":"closed","template":"","meta":{"_uag_custom_page_level_css":"","ocean_post_layout":"","ocean_both_sidebars_style":"","ocean_both_sidebars_content_width":0,"ocean_both_sidebars_sidebars_width":0,"ocean_sidebar":"0","ocean_second_sidebar":"0","ocean_disable_margins":"enable","ocean_add_body_class":"","ocean_shortcode_before_top_bar":"","ocean_shortcode_after_top_bar":"","ocean_shortcode_before_header":"","ocean_shortcode_after_header":"","ocean_has_shortcode":"","ocean_shortcode_after_title":"","ocean_shortcode_before_footer_widgets":"","ocean_shortcode_after_footer_widgets":"","ocean_shortcode_before_footer_bottom":"","ocean_shortcode_after_footer_bottom":"","ocean_display_top_bar":"default","ocean_display_header":"default","ocean_header_style":"","ocean_center_header_left_menu":"0","ocean_custom_header_template":"0","ocean_custom_logo":0,"ocean_custom_retina_logo":0,"ocean_custom_logo_max_width":0,"ocean_custom_logo_tablet_max_width":0,"ocean_custom_logo_mobile_max_width":0,"ocean_custom_logo_max_height":0,"ocean_custom_logo_tablet_max_height":0,"ocean_custom_logo_mobile_max_height":0,"ocean_header_custom_menu":"0","ocean_menu_typo_font_family":"0","ocean_menu_typo_font_subset":"","ocean_menu_typo_font_size":0,"ocean_menu_typo_font_size_tablet":0,"ocean_menu_typo_font_size_mobile":0,"ocean_menu_typo_font_size_unit":"px","ocean_menu_typo_font_weight":"","ocean_menu_typo_font_weight_tablet":"","ocean_menu_typo_font_weight_mobile":"","ocean_menu_typo_transform":"","ocean_menu_typo_transform_tablet":"","ocean_menu_typo_transform_mobile":"","ocean_menu_typo_line_height":0,"ocean_menu_typo_line_height_tablet":0,"ocean_menu_typo_line_height_mobile":0,"ocean_menu_typo_line_height_unit":"","ocean_menu_typo_spacing":0,"ocean_menu_typo_spacing_tablet":0,"ocean_menu_typo_spacing_mobile":0,"ocean_menu_typo_spacing_unit":"","ocean_menu_link_color":"","ocean_menu_link_color_hover":"","ocean_menu_link_color_active":"","ocean_menu_link_background":"","ocean_menu_link_hover_background":"","ocean_menu_link_active_background":"","ocean_menu_social_links_bg":"","ocean_menu_social_hover_links_bg":"","ocean_menu_social_links_color":"","ocean_menu_social_hover_links_color":"","ocean_disable_title":"default","ocean_disable_heading":"default","ocean_post_title":"","ocean_post_subheading":"","ocean_post_title_style":"","ocean_post_title_background_color":"","ocean_post_title_background":0,"ocean_post_title_bg_image_position":"","ocean_post_title_bg_image_attachment":"","ocean_post_title_bg_image_repeat":"","ocean_post_title_bg_image_size":"","ocean_post_title_height":0,"ocean_post_title_bg_overlay":0.5,"ocean_post_title_bg_overlay_color":"","ocean_disable_breadcrumbs":"default","ocean_breadcrumbs_color":"","ocean_breadcrumbs_separator_color":"","ocean_breadcrumbs_links_color":"","ocean_breadcrumbs_links_hover_color":"","ocean_display_footer_widgets":"default","ocean_display_footer_bottom":"default","ocean_custom_footer_template":"0","footnotes":""},"class_list":["post-2929","page","type-page","status-publish","hentry","entry"],"yoast_head":"<!-- This site is optimized with the Yoast SEO plugin v27.3 - https:\/\/yoast.com\/product\/yoast-seo-wordpress\/ -->\n<title>Fachberatung - Gr\u00fcnlandstaudenhof<\/title>\n<meta name=\"description\" content=\"Sie ben\u00f6tigen Fachberatung du um Tierhaltung, Gartenbau oder Landwirtschaft? Gerne unterst\u00fctzen wir sie! KostenAllgemeine Fachberatung per Telefon: 30\u20ac\" \/>\n<meta name=\"robots\" content=\"index, follow, max-snippet:-1, max-image-preview:large, max-video-preview:-1\" \/>\n<link rel=\"canonical\" href=\"https:\/\/www.gruenlandstaudenhof.de\/cms2\/fachberatung\/\" \/>\n<meta property=\"og:locale\" content=\"de_DE\" \/>\n<meta property=\"og:type\" content=\"article\" \/>\n<meta property=\"og:title\" content=\"Fachberatung - Gr\u00fcnlandstaudenhof\" \/>\n<meta property=\"og:description\" content=\"Sie ben\u00f6tigen Fachberatung du um Tierhaltung, Gartenbau oder Landwirtschaft? Gerne unterst\u00fctzen wir sie! KostenAllgemeine Fachberatung per Telefon: 30\u20ac\" \/>\n<meta property=\"og:url\" content=\"https:\/\/www.gruenlandstaudenhof.de\/cms2\/fachberatung\/\" \/>\n<meta property=\"og:site_name\" content=\"Gr\u00fcnlandstaudenhof\" \/>\n<meta property=\"article:publisher\" content=\"https:\/\/www.facebook.com\/gruenlandstaudenhof\" \/>\n<meta property=\"article:modified_time\" content=\"2022-11-03T09:02:59+00:00\" \/>\n<meta property=\"og:image\" content=\"https:\/\/www.gruenlandstaudenhof.de\/cms2\/wp-content\/uploads\/2019\/01\/Logo192.png\" \/>\n\t<meta property=\"og:image:width\" content=\"192\" \/>\n\t<meta property=\"og:image:height\" content=\"192\" \/>\n\t<meta property=\"og:image:type\" content=\"image\/png\" \/>\n<meta name=\"twitter:card\" content=\"summary_large_image\" \/>\n<meta name=\"twitter:site\" content=\"@GSH_Oberhausen\" \/>\n<meta name=\"twitter:label1\" content=\"Gesch\u00e4tzte Lesezeit\" \/>\n\t<meta name=\"twitter:data1\" content=\"1\u00a0Minute\" \/>\n<!-- \/ Yoast SEO plugin. -->","yoast_head_json":{"title":"Fachberatung - Gr\u00fcnlandstaudenhof","description":"Sie ben\u00f6tigen Fachberatung du um Tierhaltung, Gartenbau oder Landwirtschaft? Gerne unterst\u00fctzen wir sie! KostenAllgemeine Fachberatung per Telefon: 30\u20ac","robots":{"index":"index","follow":"follow","max-snippet":"max-snippet:-1","max-image-preview":"max-image-preview:large","max-video-preview":"max-video-preview:-1"},"canonical":"https:\/\/www.gruenlandstaudenhof.de\/cms2\/fachberatung\/","og_locale":"de_DE","og_type":"article","og_title":"Fachberatung - Gr\u00fcnlandstaudenhof","og_description":"Sie ben\u00f6tigen Fachberatung du um Tierhaltung, Gartenbau oder Landwirtschaft? Gerne unterst\u00fctzen wir sie! KostenAllgemeine Fachberatung per Telefon: 30\u20ac","og_url":"https:\/\/www.gruenlandstaudenhof.de\/cms2\/fachberatung\/","og_site_name":"Gr\u00fcnlandstaudenhof","article_publisher":"https:\/\/www.facebook.com\/gruenlandstaudenhof","article_modified_time":"2022-11-03T09:02:59+00:00","og_image":[{"width":192,"height":192,"url":"https:\/\/www.gruenlandstaudenhof.de\/cms2\/wp-content\/uploads\/2019\/01\/Logo192.png","type":"image\/png"}],"twitter_card":"summary_large_image","twitter_site":"@GSH_Oberhausen","twitter_misc":{"Gesch\u00e4tzte Lesezeit":"1\u00a0Minute"},"schema":{"@context":"https:\/\/schema.org","@graph":[{"@type":"WebPage","@id":"https:\/\/www.gruenlandstaudenhof.de\/cms2\/fachberatung\/","url":"https:\/\/www.gruenlandstaudenhof.de\/cms2\/fachberatung\/","name":"Fachberatung - Gr\u00fcnlandstaudenhof","isPartOf":{"@id":"https:\/\/www.gruenlandstaudenhof.de\/cms2\/#website"},"datePublished":"2021-04-21T09:23:00+00:00","dateModified":"2022-11-03T09:02:59+00:00","description":"Sie ben\u00f6tigen Fachberatung du um Tierhaltung, Gartenbau oder Landwirtschaft? Gerne unterst\u00fctzen wir sie! KostenAllgemeine Fachberatung per Telefon: 30\u20ac","breadcrumb":{"@id":"https:\/\/www.gruenlandstaudenhof.de\/cms2\/fachberatung\/#breadcrumb"},"inLanguage":"de","potentialAction":[{"@type":"ReadAction","target":["https:\/\/www.gruenlandstaudenhof.de\/cms2\/fachberatung\/"]}]},{"@type":"BreadcrumbList","@id":"https:\/\/www.gruenlandstaudenhof.de\/cms2\/fachberatung\/#breadcrumb","itemListElement":[{"@type":"ListItem","position":1,"name":"Startseite","item":"https:\/\/www.gruenlandstaudenhof.de\/cms2\/"},{"@type":"ListItem","position":2,"name":"Fachberatung"}]},{"@type":"WebSite","@id":"https:\/\/www.gruenlandstaudenhof.de\/cms2\/#website","url":"https:\/\/www.gruenlandstaudenhof.de\/cms2\/","name":"Gr\u00fcnlandstaudenhof","description":"Landwirtschaft, Gartenbau, Landhandel","publisher":{"@id":"https:\/\/www.gruenlandstaudenhof.de\/cms2\/#organization"},"potentialAction":[{"@type":"SearchAction","target":{"@type":"EntryPoint","urlTemplate":"https:\/\/www.gruenlandstaudenhof.de\/cms2\/?s={search_term_string}"},"query-input":{"@type":"PropertyValueSpecification","valueRequired":true,"valueName":"search_term_string"}}],"inLanguage":"de"},{"@type":"Organization","@id":"https:\/\/www.gruenlandstaudenhof.de\/cms2\/#organization","name":"Gr\u00fcnlandstaudenhof","url":"https:\/\/www.gruenlandstaudenhof.de\/cms2\/","logo":{"@type":"ImageObject","inLanguage":"de","@id":"https:\/\/www.gruenlandstaudenhof.de\/cms2\/#\/schema\/logo\/image\/","url":"https:\/\/www.gruenlandstaudenhof.de\/cms2\/wp-content\/uploads\/2016\/03\/logo_briefkopf_OT.png","contentUrl":"https:\/\/www.gruenlandstaudenhof.de\/cms2\/wp-content\/uploads\/2016\/03\/logo_briefkopf_OT.png","width":504,"height":504,"caption":"Gr\u00fcnlandstaudenhof"},"image":{"@id":"https:\/\/www.gruenlandstaudenhof.de\/cms2\/#\/schema\/logo\/image\/"},"sameAs":["https:\/\/www.facebook.com\/gruenlandstaudenhof","https:\/\/x.com\/GSH_Oberhausen","https:\/\/www.instagram.com\/gruenlandstaudenhof\/"]}]}},"uagb_featured_image_src":{"full":false,"thumbnail":false,"medium":false,"medium_large":false,"large":false,"1536x1536":false,"2048x2048":false,"ocean-thumb-m":false,"ocean-thumb-ml":false,"ocean-thumb-l":false},"uagb_author_info":{"display_name":"Administrator","author_link":"https:\/\/www.gruenlandstaudenhof.de\/cms2\/author\/administrator\/"},"uagb_comment_info":0,"uagb_excerpt":"Sie ben\u00f6tigen Fachberatung du um Tierhaltung, Gartenbau oder Landwirtschaft? Gerne unterst\u00fctzen wir sie! KostenAllgemeine Fachberatung per Telefon: 30\u20ac pro angefangener 15 Minuten. Spezifische Fachberatung abweichend. Fordern Sie noch heute ihr pers\u00f6nliches Angebot an. Bonus:Handelt es sich bei der Fachberatung um Bepflanzungsplanung erhalten Sie von uns einen Gutschein in H\u00f6he des Beratungsgeldes f\u00fcr den Einkauf in&hellip;","_links":{"self":[{"href":"https:\/\/www.gruenlandstaudenhof.de\/cms2\/wp-json\/wp\/v2\/pages\/2929","targetHints":{"allow":["GET"]}}],"collection":[{"href":"https:\/\/www.gruenlandstaudenhof.de\/cms2\/wp-json\/wp\/v2\/pages"}],"about":[{"href":"https:\/\/www.gruenlandstaudenhof.de\/cms2\/wp-json\/wp\/v2\/types\/page"}],"author":[{"embeddable":true,"href":"https:\/\/www.gruenlandstaudenhof.de\/cms2\/wp-json\/wp\/v2\/users\/1"}],"replies":[{"embeddable":true,"href":"https:\/\/www.gruenlandstaudenhof.de\/cms2\/wp-json\/wp\/v2\/comments?post=2929"}],"version-history":[{"count":0,"href":"https:\/\/www.gruenlandstaudenhof.de\/cms2\/wp-json\/wp\/v2\/pages\/2929\/revisions"}],"wp:attachment":[{"href":"https:\/\/www.gruenlandstaudenhof.de\/cms2\/wp-json\/wp\/v2\/media?parent=2929"}],"curies":[{"name":"wp","href":"https:\/\/api.w.org\/{rel}","templated":true}]}}