{"id":3410,"date":"2021-12-07T11:15:29","date_gmt":"2021-12-07T10:15:29","guid":{"rendered":"https:\/\/www.gruenlandstaudenhof.de\/cms2\/?page_id=3410"},"modified":"2024-05-31T11:52:15","modified_gmt":"2024-05-31T09:52:15","slug":"express-logistik","status":"publish","type":"page","link":"https:\/\/www.gruenlandstaudenhof.de\/cms2\/logistik\/express-logistik\/","title":{"rendered":"Express-Logistik"},"content":{"rendered":"\n<p>Mit unserer Express-Logistik sind Sie immer einen Schritt voraus. Vertrauen Sie auf unsere Expertise und erleben Sie, wie einfach und effizient der Transport Ihrer Waren sein kann.<\/p>\n\n\n\n<h2 class=\"wp-block-heading\">Schnelle und zuverl\u00e4ssige Zustellung Ihrer Waren<\/h2>\n\n\n\n<p>In der heutigen Zeit ist Express-Logistik aus vielen Bereichen nicht mehr wegzudenken. Ob wichtige Dokumente, empfindliche Produkte oder dringende Sendungen \u2013 unsere zukunftsorientierten L\u00f6sungen gew\u00e4hrleisten, dass Ihre Waren schnell und sicher ihr Ziel erreichen.<\/p>\n\n\n\n<h2 class=\"wp-block-heading\">Unsere Leistungen im \u00dcberblick:<\/h2>\n\n\n\n<ul class=\"wp-block-list\">\n<li><strong>Blitzschnelle Zustellung:<\/strong> Mit modernster Technologie und einem Netzwerk zuverl\u00e4ssiger Partner sorgen wir daf\u00fcr, dass Ihre Sendungen ohne Verz\u00f6gerung ankommen.<\/li>\n\n\n\n<li><strong>Sicherer Transport:<\/strong> Ihre Waren sind bei uns in guten H\u00e4nden. Wir setzen auf h\u00f6chste Sicherheitsstandards und sorgf\u00e4ltige Handhabung, um eine einwandfreie Lieferung zu gew\u00e4hrleisten.<\/li>\n\n\n\n<li><strong>Flexibilit\u00e4t und Anpassungsf\u00e4higkeit:<\/strong> Egal, ob Sie einmalige Sendungen oder regelm\u00e4\u00dfige Lieferungen ben\u00f6tigen \u2013 wir passen unsere Dienstleistungen Ihren individuellen Anforderungen an.<\/li>\n<\/ul>\n\n\n\n<h2 class=\"wp-block-heading\">Exklusive Konditionen f\u00fcr Gesch\u00e4ftskunden<\/h2>\n\n\n\n<p>F\u00fcr unsere Gesch\u00e4ftskunden bieten wir besondere Konditionen, die speziell auf Ihre Bed\u00fcrfnisse zugeschnitten sind. Profitieren Sie von ma\u00dfgeschneiderten L\u00f6sungen und attraktiven Preisen, die Ihre Gesch\u00e4ftsvorg\u00e4nge optimieren und Kosten senken.<\/p>\n\n\n\n<h2 class=\"wp-block-heading\">Kontaktieren Sie uns f\u00fcr Ihr pers\u00f6nliches Angebot<\/h2>\n\n\n\n<p>Interessieren Sie sich f\u00fcr unsere Express-Logistik-Dienstleistungen? M\u00f6chten Sie mehr \u00fcber unsere Angebote und Konditionen erfahren? <a href=\"https:\/\/www.gruenlandstaudenhof.de\/cms2\/kontakt\/\">Kontaktieren<\/a> Sie uns noch heute und erhalten Sie Ihr individuelles Angebot. Unser erfahrenes Team steht Ihnen jederzeit zur Verf\u00fcgung, um Ihre Fragen zu beantworten und Ihnen die bestm\u00f6gliche L\u00f6sung zu bieten.<\/p>\n","protected":false},"excerpt":{"rendered":"<p>Mit unserer Express-Logistik sind Sie immer einen Schritt voraus. Vertrauen Sie auf unsere Expertise und erleben Sie, wie einfach und effizient der Transport Ihrer Waren sein kann. Schnelle und zuverl\u00e4ssige Zustellung Ihrer Waren In der heutigen Zeit ist Express-Logistik aus vielen Bereichen nicht mehr wegzudenken. Ob wichtige Dokumente, empfindliche Produkte oder dringende Sendungen \u2013 unsere [&hellip;]<\/p>\n","protected":false},"author":1,"featured_media":0,"parent":3412,"menu_order":0,"comment_status":"closed","ping_status":"closed","template":"","meta":{"_uag_custom_page_level_css":"","ocean_post_layout":"","ocean_both_sidebars_style":"","ocean_both_sidebars_content_width":0,"ocean_both_sidebars_sidebars_width":0,"ocean_sidebar":"0","ocean_second_sidebar":"0","ocean_disable_margins":"enable","ocean_add_body_class":"","ocean_shortcode_before_top_bar":"","ocean_shortcode_after_top_bar":"","ocean_shortcode_before_header":"","ocean_shortcode_after_header":"","ocean_has_shortcode":"","ocean_shortcode_after_title":"","ocean_shortcode_before_footer_widgets":"","ocean_shortcode_after_footer_widgets":"","ocean_shortcode_before_footer_bottom":"","ocean_shortcode_after_footer_bottom":"","ocean_display_top_bar":"default","ocean_display_header":"default","ocean_header_style":"","ocean_center_header_left_menu":"0","ocean_custom_header_template":"0","ocean_custom_logo":0,"ocean_custom_retina_logo":0,"ocean_custom_logo_max_width":0,"ocean_custom_logo_tablet_max_width":0,"ocean_custom_logo_mobile_max_width":0,"ocean_custom_logo_max_height":0,"ocean_custom_logo_tablet_max_height":0,"ocean_custom_logo_mobile_max_height":0,"ocean_header_custom_menu":"0","ocean_menu_typo_font_family":"0","ocean_menu_typo_font_subset":"","ocean_menu_typo_font_size":0,"ocean_menu_typo_font_size_tablet":0,"ocean_menu_typo_font_size_mobile":0,"ocean_menu_typo_font_size_unit":"px","ocean_menu_typo_font_weight":"","ocean_menu_typo_font_weight_tablet":"","ocean_menu_typo_font_weight_mobile":"","ocean_menu_typo_transform":"","ocean_menu_typo_transform_tablet":"","ocean_menu_typo_transform_mobile":"","ocean_menu_typo_line_height":0,"ocean_menu_typo_line_height_tablet":0,"ocean_menu_typo_line_height_mobile":0,"ocean_menu_typo_line_height_unit":"","ocean_menu_typo_spacing":0,"ocean_menu_typo_spacing_tablet":0,"ocean_menu_typo_spacing_mobile":0,"ocean_menu_typo_spacing_unit":"","ocean_menu_link_color":"","ocean_menu_link_color_hover":"","ocean_menu_link_color_active":"","ocean_menu_link_background":"","ocean_menu_link_hover_background":"","ocean_menu_link_active_background":"","ocean_menu_social_links_bg":"","ocean_menu_social_hover_links_bg":"","ocean_menu_social_links_color":"","ocean_menu_social_hover_links_color":"","ocean_disable_title":"default","ocean_disable_heading":"default","ocean_post_title":"","ocean_post_subheading":"","ocean_post_title_style":"","ocean_post_title_background_color":"","ocean_post_title_background":0,"ocean_post_title_bg_image_position":"","ocean_post_title_bg_image_attachment":"","ocean_post_title_bg_image_repeat":"","ocean_post_title_bg_image_size":"","ocean_post_title_height":0,"ocean_post_title_bg_overlay":0.5,"ocean_post_title_bg_overlay_color":"","ocean_disable_breadcrumbs":"default","ocean_breadcrumbs_color":"","ocean_breadcrumbs_separator_color":"","ocean_breadcrumbs_links_color":"","ocean_breadcrumbs_links_hover_color":"","ocean_display_footer_widgets":"default","ocean_display_footer_bottom":"default","ocean_custom_footer_template":"0","footnotes":""},"class_list":["post-3410","page","type-page","status-publish","hentry","entry"],"yoast_head":"<!-- This site is optimized with the Yoast SEO plugin v27.3 - https:\/\/yoast.com\/product\/yoast-seo-wordpress\/ -->\n<title>Express-Logistik - Gr\u00fcnlandstaudenhof<\/title>\n<meta name=\"description\" content=\"Mit unserer Express-Logistik sind Sie immer einen Schritt voraus. Vertrauen Sie auf unsere Expertise und erleben Sie, wie einfach und effizient der\" \/>\n<meta name=\"robots\" content=\"index, follow, max-snippet:-1, max-image-preview:large, max-video-preview:-1\" \/>\n<link rel=\"canonical\" href=\"https:\/\/www.gruenlandstaudenhof.de\/cms2\/logistik\/express-logistik\/\" \/>\n<meta property=\"og:locale\" content=\"de_DE\" \/>\n<meta property=\"og:type\" content=\"article\" \/>\n<meta property=\"og:title\" content=\"Express-Logistik - Gr\u00fcnlandstaudenhof\" \/>\n<meta property=\"og:description\" content=\"Mit unserer Express-Logistik sind Sie immer einen Schritt voraus. Vertrauen Sie auf unsere Expertise und erleben Sie, wie einfach und effizient der\" \/>\n<meta property=\"og:url\" content=\"https:\/\/www.gruenlandstaudenhof.de\/cms2\/logistik\/express-logistik\/\" \/>\n<meta property=\"og:site_name\" content=\"Gr\u00fcnlandstaudenhof\" \/>\n<meta property=\"article:publisher\" content=\"https:\/\/www.facebook.com\/gruenlandstaudenhof\" \/>\n<meta property=\"article:modified_time\" content=\"2024-05-31T09:52:15+00:00\" \/>\n<meta property=\"og:image\" content=\"https:\/\/www.gruenlandstaudenhof.de\/cms2\/wp-content\/uploads\/2019\/01\/Logo192.png\" \/>\n\t<meta property=\"og:image:width\" content=\"192\" \/>\n\t<meta property=\"og:image:height\" content=\"192\" \/>\n\t<meta property=\"og:image:type\" content=\"image\/png\" \/>\n<meta name=\"twitter:card\" content=\"summary_large_image\" \/>\n<meta name=\"twitter:site\" content=\"@GSH_Oberhausen\" \/>\n<meta name=\"twitter:label1\" content=\"Gesch\u00e4tzte Lesezeit\" \/>\n\t<meta name=\"twitter:data1\" content=\"2\u00a0Minuten\" \/>\n<!-- \/ Yoast SEO plugin. -->","yoast_head_json":{"title":"Express-Logistik - Gr\u00fcnlandstaudenhof","description":"Mit unserer Express-Logistik sind Sie immer einen Schritt voraus. Vertrauen Sie auf unsere Expertise und erleben Sie, wie einfach und effizient der","robots":{"index":"index","follow":"follow","max-snippet":"max-snippet:-1","max-image-preview":"max-image-preview:large","max-video-preview":"max-video-preview:-1"},"canonical":"https:\/\/www.gruenlandstaudenhof.de\/cms2\/logistik\/express-logistik\/","og_locale":"de_DE","og_type":"article","og_title":"Express-Logistik - Gr\u00fcnlandstaudenhof","og_description":"Mit unserer Express-Logistik sind Sie immer einen Schritt voraus. Vertrauen Sie auf unsere Expertise und erleben Sie, wie einfach und effizient der","og_url":"https:\/\/www.gruenlandstaudenhof.de\/cms2\/logistik\/express-logistik\/","og_site_name":"Gr\u00fcnlandstaudenhof","article_publisher":"https:\/\/www.facebook.com\/gruenlandstaudenhof","article_modified_time":"2024-05-31T09:52:15+00:00","og_image":[{"width":192,"height":192,"url":"https:\/\/www.gruenlandstaudenhof.de\/cms2\/wp-content\/uploads\/2019\/01\/Logo192.png","type":"image\/png"}],"twitter_card":"summary_large_image","twitter_site":"@GSH_Oberhausen","twitter_misc":{"Gesch\u00e4tzte Lesezeit":"2\u00a0Minuten"},"schema":{"@context":"https:\/\/schema.org","@graph":[{"@type":"WebPage","@id":"https:\/\/www.gruenlandstaudenhof.de\/cms2\/logistik\/express-logistik\/","url":"https:\/\/www.gruenlandstaudenhof.de\/cms2\/logistik\/express-logistik\/","name":"Express-Logistik - Gr\u00fcnlandstaudenhof","isPartOf":{"@id":"https:\/\/www.gruenlandstaudenhof.de\/cms2\/#website"},"datePublished":"2021-12-07T10:15:29+00:00","dateModified":"2024-05-31T09:52:15+00:00","description":"Mit unserer Express-Logistik sind Sie immer einen Schritt voraus. Vertrauen Sie auf unsere Expertise und erleben Sie, wie einfach und effizient der","breadcrumb":{"@id":"https:\/\/www.gruenlandstaudenhof.de\/cms2\/logistik\/express-logistik\/#breadcrumb"},"inLanguage":"de","potentialAction":[{"@type":"ReadAction","target":["https:\/\/www.gruenlandstaudenhof.de\/cms2\/logistik\/express-logistik\/"]}]},{"@type":"BreadcrumbList","@id":"https:\/\/www.gruenlandstaudenhof.de\/cms2\/logistik\/express-logistik\/#breadcrumb","itemListElement":[{"@type":"ListItem","position":1,"name":"Startseite","item":"https:\/\/www.gruenlandstaudenhof.de\/cms2\/"},{"@type":"ListItem","position":2,"name":"Logistikl\u00f6sungen f\u00fcr Ihre Bed\u00fcrfnisse","item":"https:\/\/www.gruenlandstaudenhof.de\/cms2\/logistik\/"},{"@type":"ListItem","position":3,"name":"Express-Logistik"}]},{"@type":"WebSite","@id":"https:\/\/www.gruenlandstaudenhof.de\/cms2\/#website","url":"https:\/\/www.gruenlandstaudenhof.de\/cms2\/","name":"Gr\u00fcnlandstaudenhof","description":"Landwirtschaft, Gartenbau, Landhandel","publisher":{"@id":"https:\/\/www.gruenlandstaudenhof.de\/cms2\/#organization"},"potentialAction":[{"@type":"SearchAction","target":{"@type":"EntryPoint","urlTemplate":"https:\/\/www.gruenlandstaudenhof.de\/cms2\/?s={search_term_string}"},"query-input":{"@type":"PropertyValueSpecification","valueRequired":true,"valueName":"search_term_string"}}],"inLanguage":"de"},{"@type":"Organization","@id":"https:\/\/www.gruenlandstaudenhof.de\/cms2\/#organization","name":"Gr\u00fcnlandstaudenhof","url":"https:\/\/www.gruenlandstaudenhof.de\/cms2\/","logo":{"@type":"ImageObject","inLanguage":"de","@id":"https:\/\/www.gruenlandstaudenhof.de\/cms2\/#\/schema\/logo\/image\/","url":"https:\/\/www.gruenlandstaudenhof.de\/cms2\/wp-content\/uploads\/2016\/03\/logo_briefkopf_OT.png","contentUrl":"https:\/\/www.gruenlandstaudenhof.de\/cms2\/wp-content\/uploads\/2016\/03\/logo_briefkopf_OT.png","width":504,"height":504,"caption":"Gr\u00fcnlandstaudenhof"},"image":{"@id":"https:\/\/www.gruenlandstaudenhof.de\/cms2\/#\/schema\/logo\/image\/"},"sameAs":["https:\/\/www.facebook.com\/gruenlandstaudenhof","https:\/\/x.com\/GSH_Oberhausen","https:\/\/www.instagram.com\/gruenlandstaudenhof\/"]}]}},"uagb_featured_image_src":{"full":false,"thumbnail":false,"medium":false,"medium_large":false,"large":false,"1536x1536":false,"2048x2048":false,"ocean-thumb-m":false,"ocean-thumb-ml":false,"ocean-thumb-l":false},"uagb_author_info":{"display_name":"Administrator","author_link":"https:\/\/www.gruenlandstaudenhof.de\/cms2\/author\/administrator\/"},"uagb_comment_info":0,"uagb_excerpt":"Mit unserer Express-Logistik sind Sie immer einen Schritt voraus. Vertrauen Sie auf unsere Expertise und erleben Sie, wie einfach und effizient der Transport Ihrer Waren sein kann. Schnelle und zuverl\u00e4ssige Zustellung Ihrer Waren In der heutigen Zeit ist Express-Logistik aus vielen Bereichen nicht mehr wegzudenken. Ob wichtige Dokumente, empfindliche Produkte oder dringende Sendungen \u2013 unsere&hellip;","_links":{"self":[{"href":"https:\/\/www.gruenlandstaudenhof.de\/cms2\/wp-json\/wp\/v2\/pages\/3410","targetHints":{"allow":["GET"]}}],"collection":[{"href":"https:\/\/www.gruenlandstaudenhof.de\/cms2\/wp-json\/wp\/v2\/pages"}],"about":[{"href":"https:\/\/www.gruenlandstaudenhof.de\/cms2\/wp-json\/wp\/v2\/types\/page"}],"author":[{"embeddable":true,"href":"https:\/\/www.gruenlandstaudenhof.de\/cms2\/wp-json\/wp\/v2\/users\/1"}],"replies":[{"embeddable":true,"href":"https:\/\/www.gruenlandstaudenhof.de\/cms2\/wp-json\/wp\/v2\/comments?post=3410"}],"version-history":[{"count":0,"href":"https:\/\/www.gruenlandstaudenhof.de\/cms2\/wp-json\/wp\/v2\/pages\/3410\/revisions"}],"up":[{"embeddable":true,"href":"https:\/\/www.gruenlandstaudenhof.de\/cms2\/wp-json\/wp\/v2\/pages\/3412"}],"wp:attachment":[{"href":"https:\/\/www.gruenlandstaudenhof.de\/cms2\/wp-json\/wp\/v2\/media?parent=3410"}],"curies":[{"name":"wp","href":"https:\/\/api.w.org\/{rel}","templated":true}]}}