{"id":3899,"date":"2022-02-22T10:16:28","date_gmt":"2022-02-22T09:16:28","guid":{"rendered":"https:\/\/www.gruenlandstaudenhof.de\/cms2\/?page_id=3899"},"modified":"2023-10-23T10:22:32","modified_gmt":"2023-10-23T08:22:32","slug":"vertraege-hier-kuendigen","status":"publish","type":"page","link":"https:\/\/www.gruenlandstaudenhof.de\/cms2\/vertraege-hier-kuendigen\/","title":{"rendered":"Vertr\u00e4ge hier K\u00fcndigen"},"content":{"rendered":"\n<p>Sehr geehrte Damen, Herren und Diverse,<\/p>\n\n\n\n<p>Sie haben die M\u00f6glichkeit, mit dem unten folgenden Formular Ihre Vertr\u00e4ge bei uns zu k\u00fcndigen. Achten Sie bitte darauf, dass Sie die korrekten Daten zum Vertrag und zum Vertragsinhaber angegeben haben. Nachdem wir Ihre K\u00fcndigung erhalten haben, werden wir diese pr\u00fcfen und uns schnellstm\u00f6glich bei Ihnen zur\u00fcckmelden.<\/p>\n\n\n\n<div class=\"wp-block-contact-form-7-contact-form-selector\">\n<div class=\"wpcf7 no-js\" id=\"wpcf7-f3582-o1\" lang=\"de-DE\" dir=\"ltr\" data-wpcf7-id=\"3582\">\n<div class=\"screen-reader-response\"><p role=\"status\" aria-live=\"polite\" aria-atomic=\"true\"><\/p> <ul><\/ul><\/div>\n<form action=\"\/cms2\/wp-json\/wp\/v2\/pages\/3899#wpcf7-f3582-o1\" method=\"post\" class=\"wpcf7-form init wpcf7-acceptance-as-validation\" aria-label=\"Kontaktformular\" novalidate=\"novalidate\" data-status=\"init\">\n<fieldset class=\"hidden-fields-container\"><input type=\"hidden\" name=\"_wpcf7\" value=\"3582\" \/><input type=\"hidden\" name=\"_wpcf7_version\" value=\"6.1.5\" \/><input type=\"hidden\" name=\"_wpcf7_locale\" value=\"de_DE\" \/><input type=\"hidden\" name=\"_wpcf7_unit_tag\" value=\"wpcf7-f3582-o1\" \/><input type=\"hidden\" name=\"_wpcf7_container_post\" value=\"0\" \/><input type=\"hidden\" name=\"_wpcf7_posted_data_hash\" value=\"\" \/><input type=\"hidden\" name=\"_wpcf7cf_hidden_group_fields\" value=\"[]\" \/><input type=\"hidden\" name=\"_wpcf7cf_hidden_groups\" value=\"[]\" \/><input type=\"hidden\" name=\"_wpcf7cf_visible_groups\" value=\"[]\" \/><input type=\"hidden\" name=\"_wpcf7cf_repeaters\" value=\"[]\" \/><input type=\"hidden\" name=\"_wpcf7cf_steps\" value=\"{}\" \/><input type=\"hidden\" name=\"_wpcf7cf_options\" value=\"{&quot;form_id&quot;:3582,&quot;conditions&quot;:[{&quot;then_field&quot;:&quot;Gkndigungsgrund&quot;,&quot;and_rules&quot;:[{&quot;if_field&quot;:&quot;ArtderKndigung&quot;,&quot;operator&quot;:&quot;equals&quot;,&quot;if_value&quot;:&quot;Au\\u00dferordentlichen K\\u00fcndigung&quot;}]}],&quot;settings&quot;:{&quot;animation&quot;:&quot;yes&quot;,&quot;animation_intime&quot;:200,&quot;animation_outtime&quot;:200,&quot;conditions_ui&quot;:&quot;normal&quot;,&quot;notice_dismissed&quot;:false}}\" \/>\n<\/fieldset>\n<p><Label><br \/>\nVorname*<br \/>\n<span class=\"wpcf7-form-control-wrap\" data-name=\"Vorname\"><input size=\"40\" maxlength=\"400\" class=\"wpcf7-form-control wpcf7-text wpcf7-validates-as-required\" aria-required=\"true\" aria-invalid=\"false\" value=\"\" type=\"text\" name=\"Vorname\" \/><\/span><br \/>\n<\/label>\n<\/p>\n<p><Label><br \/>\nNachname*<br \/>\n<span class=\"wpcf7-form-control-wrap\" data-name=\"Nachname\"><input size=\"40\" maxlength=\"400\" class=\"wpcf7-form-control wpcf7-text wpcf7-validates-as-required\" aria-required=\"true\" aria-invalid=\"false\" value=\"\" type=\"text\" name=\"Nachname\" \/><\/span><br \/>\n<\/label>\n<\/p>\n<p><Label><br \/>\nStra\u00dfe*<br \/>\n<span class=\"wpcf7-form-control-wrap\" data-name=\"Strasse\"><input size=\"40\" maxlength=\"400\" class=\"wpcf7-form-control wpcf7-text wpcf7-validates-as-required\" aria-required=\"true\" aria-invalid=\"false\" value=\"\" type=\"text\" name=\"Strasse\" \/><\/span><br \/>\n<\/label>\n<\/p>\n<p><Label><br \/>\nHausnummer*<br \/>\n<span class=\"wpcf7-form-control-wrap\" data-name=\"HNR\"><input size=\"40\" maxlength=\"400\" class=\"wpcf7-form-control wpcf7-text wpcf7-validates-as-required\" aria-required=\"true\" aria-invalid=\"false\" value=\"\" type=\"text\" name=\"HNR\" \/><\/span><br \/>\n<\/label>\n<\/p>\n<p><Label><br \/>\nAdresszusatz<br \/>\n<span class=\"wpcf7-form-control-wrap\" data-name=\"Adresszusatz\"><input size=\"40\" maxlength=\"400\" class=\"wpcf7-form-control wpcf7-text\" aria-invalid=\"false\" value=\"\" type=\"text\" name=\"Adresszusatz\" \/><\/span><br \/>\n<\/label>\n<\/p>\n<p><Label><br \/>\nPLZ*<br \/>\n<span class=\"wpcf7-form-control-wrap\" data-name=\"PLZ\"><input size=\"40\" maxlength=\"400\" class=\"wpcf7-form-control wpcf7-text wpcf7-validates-as-required\" aria-required=\"true\" aria-invalid=\"false\" value=\"\" type=\"text\" name=\"PLZ\" \/><\/span><br \/>\n<\/label>\n<\/p>\n<p><Label><br \/>\nOrt*<br \/>\n<span class=\"wpcf7-form-control-wrap\" data-name=\"Ort\"><input size=\"40\" maxlength=\"400\" class=\"wpcf7-form-control wpcf7-text wpcf7-validates-as-required\" aria-required=\"true\" aria-invalid=\"false\" value=\"\" type=\"text\" name=\"Ort\" \/><\/span><br \/>\n<\/label>\n<\/p>\n<p><Label><br \/>\nLand*<br \/>\n<span class=\"wpcf7-form-control-wrap\" data-name=\"Land\"><input size=\"40\" maxlength=\"400\" class=\"wpcf7-form-control wpcf7-text wpcf7-validates-as-required\" aria-required=\"true\" aria-invalid=\"false\" value=\"\" type=\"text\" name=\"Land\" \/><\/span><br \/>\n<\/label>\n<\/p>\n<p><Label><br \/>\neMail-Adresse*<br \/>\n<span class=\"wpcf7-form-control-wrap\" data-name=\"email\"><input size=\"40\" maxlength=\"400\" class=\"wpcf7-form-control wpcf7-email wpcf7-validates-as-required wpcf7-text wpcf7-validates-as-email\" aria-required=\"true\" aria-invalid=\"false\" value=\"\" type=\"email\" name=\"email\" \/><\/span><br \/>\n<\/label>\n<\/p>\n<p><Label><br \/>\nVertrag identifizieren anhand von<br \/>\n<span class=\"wpcf7-form-control-wrap\" data-name=\"Vertragidentifizierung\"><select class=\"wpcf7-form-control wpcf7-select wpcf7-validates-as-required\" aria-required=\"true\" aria-invalid=\"false\" name=\"Vertragidentifizierung\"><option value=\"Vertragsnummer\">Vertragsnummer<\/option><option value=\"Auftragsnummer\">Auftragsnummer<\/option><\/select><\/span><br \/>\n<\/label>\n<\/p>\n<p><Label><br \/>\nNummer des Vertrags oder Auftrags*<br \/>\n<span class=\"wpcf7-form-control-wrap\" data-name=\"VANummer\"><input size=\"40\" maxlength=\"400\" class=\"wpcf7-form-control wpcf7-text wpcf7-validates-as-required\" aria-required=\"true\" aria-invalid=\"false\" value=\"\" type=\"text\" name=\"VANummer\" \/><\/span><br \/>\n<\/label>\n<\/p>\n<p><Label> Art der K\u00fcndigung <\/label><br \/>\n<span class=\"wpcf7-form-control-wrap\" data-name=\"ArtderKndigung\"><select class=\"wpcf7-form-control wpcf7-select wpcf7-validates-as-required\" aria-required=\"true\" aria-invalid=\"false\" name=\"ArtderKndigung\"><option value=\"Ordentliche K\u00fcndigung\">Ordentliche K\u00fcndigung<\/option><option value=\"Au\u00dferordentlichen K\u00fcndigung\">Au\u00dferordentlichen K\u00fcndigung<\/option><\/select><\/span>\n<\/p>\n<div data-id=\"Gkndigungsgrund\" data-orig_data_id=\"Gkndigungsgrund\"  class=\"\" data-class=\"wpcf7cf_group\">\n\t<p><Label> Bei einer au\u00dferordentlichen K\u00fcndigung, geben Sie bitte den K\u00fcndigungsgrund an <\/label><br \/>\n<span class=\"wpcf7-form-control-wrap\" data-name=\"Kndigungsgrund\"><input size=\"40\" maxlength=\"400\" class=\"wpcf7-form-control wpcf7-text wpcf7-validates-as-required\" aria-required=\"true\" aria-invalid=\"false\" value=\"\" type=\"text\" name=\"Kndigungsgrund\" \/><\/span><br \/>\n\t<\/p>\n<\/div>\n<p><Label> Zeitpunkt der K\u00fcndigung<br \/>\n<span class=\"wpcf7-form-control-wrap\" data-name=\"Kndigungszeitpunkt\"><input size=\"40\" maxlength=\"400\" class=\"wpcf7-form-control wpcf7-text\" aria-invalid=\"false\" value=\"\" type=\"text\" name=\"Kndigungszeitpunkt\" \/><\/span><br \/>\n<\/label>\n<\/p>\n<p><span id=\"wpcf7-69e21869b53e8-wrapper\" class=\"wpcf7-form-control-wrap Telefon-wrap\" style=\"display:none !important; visibility:hidden !important;\"><label for=\"wpcf7-69e21869b53e8-field\" class=\"hp-message\">Bitte lasse dieses Feld leer.<\/label><input id=\"wpcf7-69e21869b53e8-field\"  class=\"wpcf7-form-control wpcf7-text\" type=\"text\" name=\"Telefon\" value=\"\" size=\"40\" tabindex=\"-1\" autocomplete=\"new-password\" \/><\/span><br \/>\n<span id=\"wpcf7-69e21869b5518-wrapper\" class=\"wpcf7-form-control-wrap Website-wrap\" style=\"display:none !important; visibility:hidden !important;\"><label for=\"wpcf7-69e21869b5518-field\" class=\"hp-message\">Bitte lasse dieses Feld leer.<\/label><input id=\"wpcf7-69e21869b5518-field\"  class=\"wpcf7-form-control wpcf7-text\" type=\"text\" name=\"Website\" value=\"\" size=\"40\" tabindex=\"-1\" autocomplete=\"new-password\" \/><\/span><br \/>\n<span id=\"wpcf7-69e21869b5594-wrapper\" class=\"wpcf7-form-control-wrap Message-wrap\" style=\"display:none !important; visibility:hidden !important;\"><label for=\"wpcf7-69e21869b5594-field\" class=\"hp-message\">Bitte lasse dieses Feld leer.<\/label><input id=\"wpcf7-69e21869b5594-field\"  class=\"wpcf7-form-control wpcf7-text\" type=\"text\" name=\"Message\" value=\"\" size=\"40\" tabindex=\"-1\" autocomplete=\"new-password\" \/><\/span>\n<\/p>\n<p>Bitte beachten Sie unsere <a href=\"https:\/\/www.gruenlandstaudenhof.de\/Shop\/Datenschutz\" target=\"_blank\">Datenschutzerkl\u00e4rung<\/a>.\n<\/p>\n<p>Sie erhalten eine \u00dcbermittlungsbest\u00e4tigung und eine Zusammenfassung der \u00fcbermittelten Daten per E-Mail. Diese k\u00f6nnen Sie ausdrucken oder speichern.\n<\/p>\n<p><input class=\"wpcf7-form-control wpcf7-submit has-spinner\" type=\"submit\" value=\"Jetzt k\u00fcndigen\" \/>\n<\/p><div class=\"wpcf7-response-output\" aria-hidden=\"true\"><\/div>\n<\/form>\n<\/div>\n<\/div>\n","protected":false},"excerpt":{"rendered":"<p>Sehr geehrte Damen, Herren und Diverse, Sie haben die M\u00f6glichkeit, mit dem unten folgenden Formular Ihre Vertr\u00e4ge bei uns zu k\u00fcndigen. Achten Sie bitte darauf, dass Sie die korrekten Daten zum Vertrag und zum Vertragsinhaber angegeben haben. Nachdem wir Ihre K\u00fcndigung erhalten haben, werden wir diese pr\u00fcfen und uns schnellstm\u00f6glich bei Ihnen zur\u00fcckmelden.<\/p>\n","protected":false},"author":1,"featured_media":0,"parent":0,"menu_order":0,"comment_status":"closed","ping_status":"closed","template":"","meta":{"_uag_custom_page_level_css":"","ocean_post_layout":"","ocean_both_sidebars_style":"","ocean_both_sidebars_content_width":0,"ocean_both_sidebars_sidebars_width":0,"ocean_sidebar":"0","ocean_second_sidebar":"0","ocean_disable_margins":"enable","ocean_add_body_class":"","ocean_shortcode_before_top_bar":"","ocean_shortcode_after_top_bar":"","ocean_shortcode_before_header":"","ocean_shortcode_after_header":"","ocean_has_shortcode":"","ocean_shortcode_after_title":"","ocean_shortcode_before_footer_widgets":"","ocean_shortcode_after_footer_widgets":"","ocean_shortcode_before_footer_bottom":"","ocean_shortcode_after_footer_bottom":"","ocean_display_top_bar":"default","ocean_display_header":"default","ocean_header_style":"","ocean_center_header_left_menu":"0","ocean_custom_header_template":"0","ocean_custom_logo":0,"ocean_custom_retina_logo":0,"ocean_custom_logo_max_width":0,"ocean_custom_logo_tablet_max_width":0,"ocean_custom_logo_mobile_max_width":0,"ocean_custom_logo_max_height":0,"ocean_custom_logo_tablet_max_height":0,"ocean_custom_logo_mobile_max_height":0,"ocean_header_custom_menu":"0","ocean_menu_typo_font_family":"0","ocean_menu_typo_font_subset":"","ocean_menu_typo_font_size":0,"ocean_menu_typo_font_size_tablet":0,"ocean_menu_typo_font_size_mobile":0,"ocean_menu_typo_font_size_unit":"px","ocean_menu_typo_font_weight":"","ocean_menu_typo_font_weight_tablet":"","ocean_menu_typo_font_weight_mobile":"","ocean_menu_typo_transform":"","ocean_menu_typo_transform_tablet":"","ocean_menu_typo_transform_mobile":"","ocean_menu_typo_line_height":0,"ocean_menu_typo_line_height_tablet":0,"ocean_menu_typo_line_height_mobile":0,"ocean_menu_typo_line_height_unit":"","ocean_menu_typo_spacing":0,"ocean_menu_typo_spacing_tablet":0,"ocean_menu_typo_spacing_mobile":0,"ocean_menu_typo_spacing_unit":"","ocean_menu_link_color":"","ocean_menu_link_color_hover":"","ocean_menu_link_color_active":"","ocean_menu_link_background":"","ocean_menu_link_hover_background":"","ocean_menu_link_active_background":"","ocean_menu_social_links_bg":"","ocean_menu_social_hover_links_bg":"","ocean_menu_social_links_color":"","ocean_menu_social_hover_links_color":"","ocean_disable_title":"default","ocean_disable_heading":"default","ocean_post_title":"","ocean_post_subheading":"","ocean_post_title_style":"","ocean_post_title_background_color":"","ocean_post_title_background":0,"ocean_post_title_bg_image_position":"","ocean_post_title_bg_image_attachment":"","ocean_post_title_bg_image_repeat":"","ocean_post_title_bg_image_size":"","ocean_post_title_height":0,"ocean_post_title_bg_overlay":0.5,"ocean_post_title_bg_overlay_color":"","ocean_disable_breadcrumbs":"default","ocean_breadcrumbs_color":"","ocean_breadcrumbs_separator_color":"","ocean_breadcrumbs_links_color":"","ocean_breadcrumbs_links_hover_color":"","ocean_display_footer_widgets":"default","ocean_display_footer_bottom":"default","ocean_custom_footer_template":"0","footnotes":""},"class_list":["post-3899","page","type-page","status-publish","hentry","entry"],"yoast_head":"<!-- This site is optimized with the Yoast SEO plugin v27.4 - https:\/\/yoast.com\/product\/yoast-seo-wordpress\/ -->\n<title>Vertr\u00e4ge hier K\u00fcndigen - Gr\u00fcnlandstaudenhof<\/title>\n<meta name=\"description\" content=\"Sehr geehrte Damen, Herren und Diverse, Sie haben die M\u00f6glichkeit, mit dem unten folgenden Formular Ihre Vertr\u00e4ge bei uns zu k\u00fcndigen. Achten Sie bitte\" \/>\n<meta name=\"robots\" content=\"index, follow, max-snippet:-1, max-image-preview:large, max-video-preview:-1\" \/>\n<link rel=\"canonical\" href=\"https:\/\/www.gruenlandstaudenhof.de\/cms2\/vertraege-hier-kuendigen\/\" \/>\n<meta property=\"og:locale\" content=\"de_DE\" \/>\n<meta property=\"og:type\" content=\"article\" \/>\n<meta property=\"og:title\" content=\"Vertr\u00e4ge hier K\u00fcndigen - Gr\u00fcnlandstaudenhof\" \/>\n<meta property=\"og:description\" content=\"Sehr geehrte Damen, Herren und Diverse, Sie haben die M\u00f6glichkeit, mit dem unten folgenden Formular Ihre Vertr\u00e4ge bei uns zu k\u00fcndigen. Achten Sie bitte\" \/>\n<meta property=\"og:url\" content=\"https:\/\/www.gruenlandstaudenhof.de\/cms2\/vertraege-hier-kuendigen\/\" \/>\n<meta property=\"og:site_name\" content=\"Gr\u00fcnlandstaudenhof\" \/>\n<meta property=\"article:publisher\" content=\"https:\/\/www.facebook.com\/gruenlandstaudenhof\" \/>\n<meta property=\"article:modified_time\" content=\"2023-10-23T08:22:32+00:00\" \/>\n<meta property=\"og:image\" content=\"https:\/\/www.gruenlandstaudenhof.de\/cms2\/wp-content\/uploads\/2019\/01\/Logo192.png\" \/>\n\t<meta property=\"og:image:width\" content=\"192\" \/>\n\t<meta property=\"og:image:height\" content=\"192\" \/>\n\t<meta property=\"og:image:type\" content=\"image\/png\" \/>\n<meta name=\"twitter:card\" content=\"summary_large_image\" \/>\n<meta name=\"twitter:site\" content=\"@GSH_Oberhausen\" \/>\n<meta name=\"twitter:label1\" content=\"Gesch\u00e4tzte Lesezeit\" \/>\n\t<meta name=\"twitter:data1\" content=\"1\u00a0Minute\" \/>\n<!-- \/ Yoast SEO plugin. -->","yoast_head_json":{"title":"Vertr\u00e4ge hier K\u00fcndigen - Gr\u00fcnlandstaudenhof","description":"Sehr geehrte Damen, Herren und Diverse, Sie haben die M\u00f6glichkeit, mit dem unten folgenden Formular Ihre Vertr\u00e4ge bei uns zu k\u00fcndigen. Achten Sie bitte","robots":{"index":"index","follow":"follow","max-snippet":"max-snippet:-1","max-image-preview":"max-image-preview:large","max-video-preview":"max-video-preview:-1"},"canonical":"https:\/\/www.gruenlandstaudenhof.de\/cms2\/vertraege-hier-kuendigen\/","og_locale":"de_DE","og_type":"article","og_title":"Vertr\u00e4ge hier K\u00fcndigen - Gr\u00fcnlandstaudenhof","og_description":"Sehr geehrte Damen, Herren und Diverse, Sie haben die M\u00f6glichkeit, mit dem unten folgenden Formular Ihre Vertr\u00e4ge bei uns zu k\u00fcndigen. Achten Sie bitte","og_url":"https:\/\/www.gruenlandstaudenhof.de\/cms2\/vertraege-hier-kuendigen\/","og_site_name":"Gr\u00fcnlandstaudenhof","article_publisher":"https:\/\/www.facebook.com\/gruenlandstaudenhof","article_modified_time":"2023-10-23T08:22:32+00:00","og_image":[{"width":192,"height":192,"url":"https:\/\/www.gruenlandstaudenhof.de\/cms2\/wp-content\/uploads\/2019\/01\/Logo192.png","type":"image\/png"}],"twitter_card":"summary_large_image","twitter_site":"@GSH_Oberhausen","twitter_misc":{"Gesch\u00e4tzte Lesezeit":"1\u00a0Minute"},"schema":{"@context":"https:\/\/schema.org","@graph":[{"@type":"WebPage","@id":"https:\/\/www.gruenlandstaudenhof.de\/cms2\/vertraege-hier-kuendigen\/","url":"https:\/\/www.gruenlandstaudenhof.de\/cms2\/vertraege-hier-kuendigen\/","name":"Vertr\u00e4ge hier K\u00fcndigen - Gr\u00fcnlandstaudenhof","isPartOf":{"@id":"https:\/\/www.gruenlandstaudenhof.de\/cms2\/#website"},"datePublished":"2022-02-22T09:16:28+00:00","dateModified":"2023-10-23T08:22:32+00:00","description":"Sehr geehrte Damen, Herren und Diverse, Sie haben die M\u00f6glichkeit, mit dem unten folgenden Formular Ihre Vertr\u00e4ge bei uns zu k\u00fcndigen. Achten Sie bitte","breadcrumb":{"@id":"https:\/\/www.gruenlandstaudenhof.de\/cms2\/vertraege-hier-kuendigen\/#breadcrumb"},"inLanguage":"de","potentialAction":[{"@type":"ReadAction","target":["https:\/\/www.gruenlandstaudenhof.de\/cms2\/vertraege-hier-kuendigen\/"]}]},{"@type":"BreadcrumbList","@id":"https:\/\/www.gruenlandstaudenhof.de\/cms2\/vertraege-hier-kuendigen\/#breadcrumb","itemListElement":[{"@type":"ListItem","position":1,"name":"Startseite","item":"https:\/\/www.gruenlandstaudenhof.de\/cms2\/"},{"@type":"ListItem","position":2,"name":"Vertr\u00e4ge hier K\u00fcndigen"}]},{"@type":"WebSite","@id":"https:\/\/www.gruenlandstaudenhof.de\/cms2\/#website","url":"https:\/\/www.gruenlandstaudenhof.de\/cms2\/","name":"Gr\u00fcnlandstaudenhof","description":"Landwirtschaft, Gartenbau, Landhandel","publisher":{"@id":"https:\/\/www.gruenlandstaudenhof.de\/cms2\/#organization"},"potentialAction":[{"@type":"SearchAction","target":{"@type":"EntryPoint","urlTemplate":"https:\/\/www.gruenlandstaudenhof.de\/cms2\/?s={search_term_string}"},"query-input":{"@type":"PropertyValueSpecification","valueRequired":true,"valueName":"search_term_string"}}],"inLanguage":"de"},{"@type":"Organization","@id":"https:\/\/www.gruenlandstaudenhof.de\/cms2\/#organization","name":"Gr\u00fcnlandstaudenhof","url":"https:\/\/www.gruenlandstaudenhof.de\/cms2\/","logo":{"@type":"ImageObject","inLanguage":"de","@id":"https:\/\/www.gruenlandstaudenhof.de\/cms2\/#\/schema\/logo\/image\/","url":"https:\/\/www.gruenlandstaudenhof.de\/cms2\/wp-content\/uploads\/2016\/03\/logo_briefkopf_OT.png","contentUrl":"https:\/\/www.gruenlandstaudenhof.de\/cms2\/wp-content\/uploads\/2016\/03\/logo_briefkopf_OT.png","width":504,"height":504,"caption":"Gr\u00fcnlandstaudenhof"},"image":{"@id":"https:\/\/www.gruenlandstaudenhof.de\/cms2\/#\/schema\/logo\/image\/"},"sameAs":["https:\/\/www.facebook.com\/gruenlandstaudenhof","https:\/\/x.com\/GSH_Oberhausen","https:\/\/www.instagram.com\/gruenlandstaudenhof\/"]}]}},"uagb_featured_image_src":{"full":false,"thumbnail":false,"medium":false,"medium_large":false,"large":false,"1536x1536":false,"2048x2048":false,"ocean-thumb-m":false,"ocean-thumb-ml":false,"ocean-thumb-l":false},"uagb_author_info":{"display_name":"Administrator","author_link":"https:\/\/www.gruenlandstaudenhof.de\/cms2\/author\/administrator\/"},"uagb_comment_info":0,"uagb_excerpt":"Sehr geehrte Damen, Herren und Diverse, Sie haben die M\u00f6glichkeit, mit dem unten folgenden Formular Ihre Vertr\u00e4ge bei uns zu k\u00fcndigen. Achten Sie bitte darauf, dass Sie die korrekten Daten zum Vertrag und zum Vertragsinhaber angegeben haben. Nachdem wir Ihre K\u00fcndigung erhalten haben, werden wir diese pr\u00fcfen und uns schnellstm\u00f6glich bei Ihnen zur\u00fcckmelden.","_links":{"self":[{"href":"https:\/\/www.gruenlandstaudenhof.de\/cms2\/wp-json\/wp\/v2\/pages\/3899","targetHints":{"allow":["GET"]}}],"collection":[{"href":"https:\/\/www.gruenlandstaudenhof.de\/cms2\/wp-json\/wp\/v2\/pages"}],"about":[{"href":"https:\/\/www.gruenlandstaudenhof.de\/cms2\/wp-json\/wp\/v2\/types\/page"}],"author":[{"embeddable":true,"href":"https:\/\/www.gruenlandstaudenhof.de\/cms2\/wp-json\/wp\/v2\/users\/1"}],"replies":[{"embeddable":true,"href":"https:\/\/www.gruenlandstaudenhof.de\/cms2\/wp-json\/wp\/v2\/comments?post=3899"}],"version-history":[{"count":0,"href":"https:\/\/www.gruenlandstaudenhof.de\/cms2\/wp-json\/wp\/v2\/pages\/3899\/revisions"}],"wp:attachment":[{"href":"https:\/\/www.gruenlandstaudenhof.de\/cms2\/wp-json\/wp\/v2\/media?parent=3899"}],"curies":[{"name":"wp","href":"https:\/\/api.w.org\/{rel}","templated":true}]}}